16) to base 7
-6332066
What is 24355405 (base 6) in base 11?
491199
Convert -10121220002212 (base 3) to base 6.
-105144252
Convert -1314103 (base 5) to base 4.
-12120221
Convert 2a1a2a (base 11) to base 3.
212221012121
Convert -1398487 (base 10) to base 14.
-28591d
-131121640 (base 7) to base 16
-7fcc39
Convert -2a0bb (base 14) to base 15.
-20e27
572922 (base 10) to base 13
170a0c
28126848 (base 9) to base 15
1346e38
Convert -3014414 (base 8) to base 12.
-3229a4
Convert -34e15 (base 16) to base 8.
-647025
What is 1998849 (base 11) in base 6?
200040110
Convert 1c174d (base 15) to base 6.
45223214
Convert -31111113 (base 4) to base 5.
-3221430
What is -120122220120 (base 3) in base 4?
-1023101031
-77e7 (base 16) to base 7
-155330
Convert 74c214 (base 13) to base 14.
514794
What is 170571 (base 10) in base 7?
1310202
Convert 10065445 (base 7) to base 12.
346071
Convert 233200130 (base 4) to base 9.
325828
Convert 1101001110100100101001 (base 2) to base 6.
202153305
What is -2fb06 (base 16) in base 3?
-100220221121
-1a3970 (base 12) to base 11
-296748
What is -41245 (base 7) in base 9?
-14737
What is -24222255 (base 6) in base 10?
-765179
Convert -35582 (base 12) to base 13.
-2680a
-1127445 (base 10) to base 2
-100010011010000010101
193577 (base 13) to base 4
2123033210
What is 238a8c (base 15) in base 8?
6370247
1441567 (base 11) to base 15
33dae3
What is -1000101110110010100 (base 2) in base 11?
-185a51
-40324154 (base 6) to base 7
-12513565
Convert 156760 (base 8) to base 6.
1115012
-101111110101001110 (base 2) to base 7
-1444122
304424413 (base 5) to base 2
100110000110111011101
What is 6054a4 (base 14) in base 12?
1103b08
Convert 182a002 (base 11) to base 10.
3102563
-819339 (base 10) to base 11
-50a644
What is 61851 (base 11) in base 16?
16059
-6967b (base 15) to base 4
-1101323213
What is 11100110000011111 (base 2) in base 13?
417cb
What is -10124145 (base 6) in base 16?
-471a1
What is 1110323130 (base 4) in base 7?
2646123
Convert b13a16 (base 13) to base 2.
1111101110000111111100
What is 15126405 (base 7) in base 16?
15e808
What is 647183 (base 10) in base 12?
27263b
What is 262233 (base 8) in base 2?
10110010010011011
Convert 202131 (base 5) to base 2.
1100110001101
-80cc54 (base 14) to base 7
-51605034
Convert 532663 (base 7) to base 5.
10423023
Convert -101111010001110111 (base 2) to base 7.
-1434410
Convert 1111100010000 (base 2) to base 13.
3809
Convert 35e248 (base 16) to base 13.
968463
What is 121121020120 (base 3) in base 7?
2530452
40431 (base 6) to base 8
12343
What is -263490 (base 10) in base 7?
-2145123
Convert -10889a3 (base 15) to base 5.
-11011343203
-2437336 (base 8) to base 11
-419523
What is 111020212111 (base 3) in base 4?
333230113
What is -101210010001 (base 3) in base 9?
-353101
Convert -5802 (base 15) to base 11.
-1303a
Convert -3850a (base 12) to base 10.
-76762
Convert 15078 (base 12) to base 5.
1420333
Convert 120022011 (base 3) to base 2.
10101110010011
Convert 211010214 (base 5) to base 3.
1122111012202
What is -2298 (base 10) in base 12?
-13b6
What is -11110000011000111111 (base 2) in base 14?
-1b8b95
What is -2214302 (base 5) in base 13?
-14801
Convert -1111111011011110 (base 2) to base 6.
-1222022
-c3f4 (base 16) to base 8
-141764
What is 10204121 (base 6) in base 3?
120001120211
What is -6644a (base 11) in base 9?
-156167
Convert 1716502 (base 8) to base 10.
499010
Convert -4dc0 (base 16) to base 9.
-30265
Convert -1165053 (base 9) to base 14.
-126c57
Convert d8a2 (base 14) to base 7.
213662
Convert 23220002322 (base 4) to base 13.
829227
-2519a (base 12) to base 7
-266602
Convert 26592 (base 12) to base 6.
1043502
Convert 7598bb (base 12) to base 11.
1062237
What is 2750a (base 13) in base 2?
10001111010001100
-100222100 (base 4) to base 10
-68240
Convert -14da1 (base 15) to base 2.
-10000011010000001
-1311103023 (base 4) to base 8
-1652313
What is -3a89d (base 14) in base 5?
-14110040
Convert -a61378a (base 11) to base 6.
-1504500555
-460201 (base 8) to base 5
-14441102
Convert 110400321 (base 5) to base 12.
1b2674
What is -373ed (base 15) in base 8?
-530416
-31343a (base 13) to base 11
-715913
Convert -71c47 (base 13) to base 8.
-616663
What is -1021231302 (base 4) in base 5?
-34130223
What is -10a3499 (base 11) in base 6?
-105112420
a3175a (base 12) to base 4
21233113312
Convert -3220044 (base 5) to base 12.
-27593
Convert 101121111000 (base 3) to base 4.
302333031
444538 (base 15) to base 5
1313122203
-93d2c8 (base 14) to base 10
-4991904
-a5548 (base 13) to base 10
-297500
Convert 101000110001222 (base 3) to base 5.
2330320321
What is -13301002000 (base 4) in base 7?
-23206252
-8b5aad (base 14) to base 7
-55204106
-5132457 (base 8) to base 14
-2747dd
Convert 412947 (base 11) to base 3.
1020122222111
2f147 (base 16) to base 6
4044435
3457 (base 12) to base 6
42551
Convert -100222002111 (base 3) to base 11.
-124425
10110010000110001 (base 2) to base 6
1542053
Convert -2031130 (base 8) to base 14.
-dda9a
Convert -11000311112 (base 4) to base 5.
-314023014
-2a1103 (base 14) to base 8
-5450737
Convert 6482 (base 15) to base 10.
21272
Convert 10a7b0 (base 12) to base 16.
413f4
Convert -10011100110000110000111 (base 2) to base 12.
-1878807
Convert -100101000011010110001 (base 2) to base 8.
-4503261
Convert 4582c (base 13) to base 16.
1ee9b
Convert 2b65263 (base 12) to base 5.
4230430124
What is -30537114 (base 8) in base 15?
-87c614
-19b975 (base 15) to base 2
-100110010001101110100
606199 (base 10) to base 5
123344244
-112201001022202 (base 3) to base 9
-15631282
Convert -13215400 (base 6) to base 12.
-191560
Convert 111270 (base 10) to base 2.
11011001010100110
What is -1030002002 (base 4) in base 14?
-816ca
120426201 (base 7) to base 3
112002022222000
-3303c (base 15) to base 3
-22020022010
-4770b (base 12) to base 2
-10111011100111011
1222021112 (base 3) to base 5
2220330
-500346 (base 7) to base 9
-137463
What is 1362215 (base 10) in base 5?
322042330
Convert 245211052 (base 6) to base 3.
22220021110012
-27dc58 (base 16) to base 14
-4c001a
-15642626 (base 8) to base 16
-374596
What is -197b90 (base 14) in base 16?
-dcf62
What is 76081 (base 13) in base 14?
579b8
What is -1622121 (base 7) in base 9?
-371286
Convert 120434 (base 7) to base 5.
1144310
-341920 (base 10) to base 11
-213987
22321524 (base 6) to base 16
a5e5c
Convert -10212120121 (base 3) to base 9.
-125517
What is -14582165 (base 9) in base 13?
-1671818
What is 1110650 (base 9) in base 4?
2101321032
2211211032 (base 4) to base 12
2885a6
222113101 (base 4) to base 2
101010010111010001
Convert -4b92a2 (base 15) to base 16.
-375188
What is 313241514 (base 6) in base 14?
a29090
Convert -11001101011111101001001 (base 2) to base 5.
-3210434031
a068b (base 15) to base 12
2059ab
Convert -212305113 (base 6) to base 11.
-2136704
Convert 15453424 (base 6) to base 13.
1640c5
What is -312032412 (base 5) in base 9?
-2365541
Convert 262440 (base 7) to base 6.
1014310
Convert 12523320 (base 6) to base 13.
117168
317278 (base 9) to base 11
11a039
Convert 4577234 (base 8) to base 14.
245924
What is 160605565 (base 7) in base 8?
51167114
9613 (base 14) to base 11
184a6
What is 130506 (base 11) in base 2?
110010001100010001
Convert 20122120200022 (base 3) to base 10.
3534686
What is -268b5 (base 13) in base 9?
-118442
Convert 10303131030 (base 4) to base 13.
351294
Convert 5331140 (base 6) to base 13.
91905
What is -31446 (base 13) in base 7?
-516231
-18354 (base 16) to base 15
-1e5a6
377735 (base 10) to base 16
5c387
What is -1caa87 (base 14) in base 8?
-3730357
Convert -3911755 (base 10) to base 6.
-215501551
40640 (base 11) to base 14
178a2
-111010111011000 (base 2) to base 6
-351400
What is 7386540 (base 9) in base 14?
74d22d
What is 1101010000011110001 (base 2) in base 10?
434417
Convert 421208 (base 12) to base 13.
2a4ab7
121341211 (base 7) to base 14
1018078
3046466 (base 8) to base 11
500788
-a0642 (base 12) to base 9
-346625
What is 12121101210010 (base 3) in base 15?
3dce63
Convert 13434334 (base 5) to base 6.
3000001
What is -29331 (base 11) in base 10?
-41658
Convert 9303 (base 13) to base 15.
6023
403564 (base 7) to base 12
33804
What is -11126615 (base 8) in base 7?
-26300642
Convert -4000332 (base 5) to base 8.
-172200
Convert -12022122202 